 - (-1 + (-7 - -5) + -9)
2
6 - (40 + 3 - 22)
-15
What is -29 - (22 + -27) - 2?
-26
What is the value of 21 + -27 - (-14 + 0)?
8
What is the value of -10 + 7 + -3 + (5 - 18)?
-19
(-3 - 1 - -1 - 4) + 3
-4
What is -13 - 2 - (12 + -3 - (14 + -1))?
-11
Evaluate -1 - (15 - (-15 - (-2 + -15))).
-14
What is 1 + 0 + (-25 - -32) - (-1 + 3)?
6
Calculate (-6 - -7) + (-1 - (-7 - -1) - 4).
2
-55 + 51 - (-4 + 1)
-1
Evaluate 13 - (74 - (-17 - -49)).
-29
Evaluate 21 + -28 - -24 - 12.
5
Evaluate 9 + 1 + -26 + (-5 - (3 + -8)).
-16
What is 3 + (27 - 25) + 18?
23
What is 13 - (-44 + 27 - -18)?
12
0 - (-17 - (9 + -5)) - (15 + -11)
17
Calculate -30 + 33 + (4 - (1 + 27)).
-21
Calculate 3 + 1 + 6 + (-6 - (0 - 3)).
7
Evaluate 30 - (7 - (-1 - 27)).
-5
-1 + 2 + 2 + 3 + (-3 - -2)
5
Calculate (-17 - (-4 + 2)) + -3 + (-4 - -1).
-21
Calculate (-8 - 10) + (-23 - -73) + -4.
28
Evaluate (-1 - 1 - 2) + (-20 - -20) - 1.
-5
What is (9 - (5 - 10)) + (39 - 49)?
4
-1 - 4 - (13 - (-13 + 7))
-24
Calculate -2 + (-9 + 6 - (-7 - 8)).
10
Evaluate 2 + (-28 - -9 - -11).
-6
Evaluate -1 + -5 + -12 + (-1 - 3 - -5).
-17
What is 11 - ((42 + -17 - 7) + 10)?
-17
What is the value of -17 - (1 + -28 + 12)?
-2
What is the value of 3 + (-7 - ((-6 - -10) + -11))?
3
What is (4 - 1) + (-23 - 34 - -36)?
-18
What is 8 + 4 + (5 + 9 - 9)?
17
-19 - (13 - 42 - -19)
-9
What is -8 - (-41 + (16 - 3))?
20
Calculate -22 + (11 - (-5 + -10 + 19) - 5).
-20
Calculate 1 + -1 - (-19 + 12 + 12 + -21).
16
What is 43 - (33 + -9 + 2)?
17
Evaluate 8 - (-5 + 4 + 1 + 13 - 0).
-5
Evaluate -23 - ((0 - -8) + (11 + 2 - 29)).
-15
What is -35 - (-17 + 15 + 0)?
-33
Evaluate (-5 + 4 + -4 - -2) + -7 + 1.
-9
Evaluate (-1 - -3) + (-4 - (-16 - -9) - 27).
-22
-12 + ((-19 - -75) + 1 - 8)
37
What is the value of 17 - (-7 + -10 - (-29 - 1))?
4
Calculate -37 - (-48 + -8 + 45).
-26
Evaluate (-4 + -1 + 23 - 7) + (24 - 68).
-33
Evaluate 2 + 11 + 13 + -26.
0
Evaluate -538 - -559 - (0 - -38).
-17
Calculate 1 - -10 - (65 - 47) - -26.
19
What is -5 + 9 - (-5 - -10) - 15?
-16
What is 8 + (-10 + -9 + 15 - -8)?
12
What is -1 + -4 + 32 + -4?
23
Evaluate (-20 + 30 - 26) + 17.
1
Evaluate -1 - (-11 + -7) - 6.
11
What is 28 + 32 + (-81 - -31)?
10
Calculate (4 - -6 - (-5 + 6)) + 6 - -1.
16
What is the value of 2 + 13 + -12 + 0 + -1 + -16?
-14
What is 4 + -37 + 2 - -11 - -7?
-13
(4 - 0 - 3) + (-69 - -74)
6
Calculate 5 + -7 + 5 + -8 + -7.
-12
What is the value of -42 + 24 + 3 + (-5 - 4)?
-24
What is the value of 7 + -2 - (-40 - -36)?
9
Evaluate (-8 - -7) + 5 + -2 + 5 + -12.
-5
What is the value of (-537 + 538 - (2 + -3 - -4)) + 27?
25
Calculate 3 + 2 + 0 - (46 + -42).
1
(-13 - (-6 - 1)) + (3 + 0 - 1)
-4
Calculate -1 + 1 + 11 + (-1 - (74 - 68)).
4
Calculate -17 + (-3 - (2 + -6)) + -7 + 11.
-12
Calculate 141 + 126 + -297 + (9 + -1 - 0).
-22
Evaluate -9 + (8 - 16 - -11).
-6
-5 - -16 - 5 - (13 - -6 - 3)
-10
Evaluate 10 - (-3 + -4 - -9).
8
Evaluate -19 - -20 - (-2 + 0 + 1 + -12).
14
What is -9 + (-15 - 10) + 16?
-18
-71 + 23 + -3 - -14
-37
Calculate -18 + (51 - 15) + 10 + -2.
26
Calculate (17 - 9) + (-5 - -5) + -4 + -17.
-13
What is 9 + -14 + 17 + -3?
9
Calculate -21 - ((-2 - -2) + -16).
-5
What is -3 + -21 + 3 + 1?
-20
What is (-24 + 18 - -27) + -7?
14
What is the value of 15 - (9 + -12 + (5 - -7))?
6
Calculate 48 + (-79 - -1 - -34).
4
-10 + 22 - (-1 + 5 + -2)
10
What is 3 + -4 + -53 + 39 + 15?
0
What is (-2 - -4) + (2 - 6) - (38 - 49)?
9
What is the value of (-5 + -6 + 3 - (-6 - 0)) + 11?
9
(38 - 33 - (-1 - (1 - 1))) + 1
7
Calculate -208 + 235 - (5 + 1).
21
Calculate 11 - (0 + 5 - (-6 - -11)).
11
(9 + 3 - (3 - -1)) + (-26 - 1)
-19
(13 - 4) + -2 + 2 - -4
13
-18 + 8 + 10 + -11
-11
Evaluate (-3 - (-2 - 4)) + -52 + 49.
0
-14 - 2 - -9 - (-15 + 1)
7
(4 - -6 - (9 + -2)) + -18
-15
Calculate 94 + -96 + (0 - 5) + 2.
-5
Calculate -6 + 10 - ((0 - (-6 - -10)) + 19).
-11
9 + -13 + 16 + 0 - 13
-1
Calculate 51 + -25 + (-4 - 19 - -8).
11
Evaluate -3 + -42 - (-57 + 36).
-24
What is (-5 - (-19 + 2 + 10)) + 5?
7
-4 + (-2 - -6) + (7 - 18) + 3
-8
What is the value of (11 + -13 - -8) + -12?
-6
3 - 7 - (-1 + 5) - (-26 + -6)
24
Calculate (23 - 46 - -14) + 21 + (-4 - -7).
15
What is 7 + 67 + -56 + (2 - 5 - 0)?
15
What is 15 - (27 - (41 + -31))?
-2
(29 - 43) + 11 + 7
4
What is the value of -20 - (3 - (-21 - -26))?
-18
0 - 12 - (-500 - -474)
14
What is 12 - -1 - (7 - (-4 - -3))?
5
Evaluate -17 + (6 - 8) + 15.
-4
-20 + -10 + 16 - -2
-12
(-24 - 66 - -49) + (1 - -13)
-27
What is 4 + (-2 - (2 - (6 - (2 + -11))))?
15
Calculate -2 - -1 - (-15 - -13) - (87 - 87).
1
Calculate 16 - 14 - -46 - 35.
13
What is -163 + 177 + (-1 - -4) + (-12 - -1)?
6
Evaluate -15 - (3 + -11 + (-9 - -16)).
-14
What is the value of (2 - 1) + -7 + 24 + -65 + 46?
-1
What is 3 + 6 - (-1 - (-7 + -6))?
-3
Evaluate (1 - (6 + 32 - 3)) + 3.
-31
What is the value of (-68 - -58) + (4 - 1) - 0 - 4?
-11
8 - (1 + (0 + -9 - -3))
13
What is the value of -14 + 9 + -4 + 5?
-4
What is the value of 17 - (-15 + 56 - 11)?
-13
What is 0 - -7 - (4 + -1 + -4 + -3)?
11
Calculate (3 + -2 - (-13 - 0)) + (250 - 251).
13
-36 - -30 - (12 - 0 - -9)
-27
-95 - -87 - (2 + -18)
8
What is the value of 113 + -135 - (2 + -30)?
6
Calculate -24 - (-16 + 19) - -8.
-19
What is 315 - 299 - (0 - 0) - 6?
10
-17 + 17 - (15 - 6) - 4
-13
(108 - 103) + (1 - -1 - 5) - 14
-12
What is (-3 - 16) + 3 + -23 + 28?
-11
Evaluate -28 + 85 + -28 + -15.
14
Evaluate -2 + 19 - (7 - (-3 + (-3 - -7))).
11
0 + (4 - 7 - -4) - -7 - 16
-8
Evaluate 26 + -21 - (-2 + 0) - (-52 - -55).
4
What is the value of (1 - 2) + (26 - 1 - (-41 + 43))?
22
Calculate -15 - (23 - (63 + 5)).
30
What is -18 + 19 + (8 - (7 - 7))?
9
Calculate -60 - -50 - (-12 - 5).
7
What is 21 - (13 + -12) - 7?
13
-2 - (-3 - -2) - (113 - 119)
5
(11 - 4) + (-9 - (2 - 5)) + 5
6
3 - ((-1 - -8) + -8 - (22 - 42))
-16
Evaluate 15 - 14 - (-6 + -3) - -6.
16
What is -10 - (6 + -30) - 20?
-6
Evaluate (-17 - -12) + -1 + 16 - (13 + 0).
-3
What is the value of -6 + 8 + (-219 - -191)?
-26
What is (33 - 18) + (0 - 3) - (-44 - -50)?
6
Calculate 8 + -1 + 0 + (5 - 2 - 6).
4
Evaluate 1 + 14 + (32 + -50 - -38).
35
What is the value of 10 - -5 - (17 - 7)?
5
Evaluate (-10 - -4) + (2 - (1 - (5 + 0))).
0
(-60 - -79) + -25 - (15 - -1)
-22
What is 4 + -11 + (-3 - -7)?
-3
Evaluate -76 - -15 - -66 - (1 - 9).
13
What is (17 - (15 - 11)) + -24?
-11
What is 2543 - 2573 - (-12 + 1)?
-19
What is 24 - (5 + -22 - (-2 + -19))?
20
What is -4 - (-1 + (-15 - -13))?
-1
Calculate -44 + -40 + 40 + 40.
-4
What is the value of (182 - 165) + (0 - 4)?
13
What is -9 + (45 + -22 - (-2 - -12)) + 5?
9
What is the value of (2 + 6 - 10) + (7 - (-6 - -6))?
5
27 - 28 - ((-6 - 2) + (1 - -3))
3
What is -2 + 4 + -9 - -14?
7
Calculate 138 + -141 + -19 + 3.
-19
(6 - ((88 - 94) + 3 + -1)) + 5
15
Calculate -3 + (-39 - -40) - -4.
2
What is the value of -13 - ((4 - -2) + -8)?
-11
What is 30 - ((2 - -18) + (-33 - -29))?
14
-11 - 4 - (-2 + -3 + -8 + 5)
-7
-37 + (-11 - -33) - (2 - (-3 + -2))
-22
What is 0 + -1 + -84 + 107 - 11?
11
What is (-1 - -10 - (21 - (12 + -1))) + 0?
-1
What is the value of 10 + -12 - -28 - 8?
18
(5 - 1 - 5) + 2 + 1 + -1
1
What is 1 + 5 - (3 + 13 + -6)?
-4
What is -2 + 0 + 21 + -4 + -13?
2
Calculate -6 + -11 + 17 - -11.
11
(43 - -10 - 24) + -21
8
What is the value of 0 + -10 - (8 - (6 - (-12 - -3)))?
-3
(16 - 3) + (-5 - (-14 - -16))
6
Evaluate (-3 - (4 + -2) - (-1 - 1)) + 9.
6
What is (20 - 10 - 20) + -2?
-12
-3 - -17 - (-22 - -18) - -9
27
Calculate (-1 - (-13 + 0 + 0)) + 1 + -2.
11
What is 5 + 4 + -9 + 0 + 3 + -4?
-1
Calculate (-36 - -28 - -29) + -8.
13
What is -9 - -1 - (-40 - -31)?
1
What is 14 - (-42 + -15) - 35?
36
27 + -9 + (-6 + 6 - 3)
15
What is the value of -13 - (-7 - 0) - -6?
0
Calculate 3 + (1 + (-3 - -13) - (-36 - -37)).
13
What is -1 + 0 - (118 - 126)?
7
Evaluate 56 + -63 - (2 - -1).
-10
What is 20 - (22 - -10 - 43)?
31
What is the value of (-3 - (-5 - -6)) + -4?
-8
What is 12 + 7 + -12 + -10 + -9?
-12
Calculate 3 + 7 - (-2 - (5 - -4)).
21
-48 - -47 - (-4 + 7)
-4
What is (2 + 30 - ((8 - -12) + -19)) + 4?
35
Evaluate (-6 - (27 + -20) - (-9 - -1)) + 6.
1
What is 2 + 0 - (16 + (4 - 38))?
20
Calculate 2 + 3 + (-6 - -16) + -14.
1
(11 - 2) + 1 + (163 - 183) + 7
-3
What is the value of (-1 - -2) + (15 - (-1 - -14) - 6)?
-3
What is 217 - 172 - (19 + 6)?
20
What i